{"id":23,"date":"2011-03-05T10:06:49","date_gmt":"2011-03-05T10:06:49","guid":{"rendered":"http:\/\/www.berenmusavirlik.com\/?page_id=23"},"modified":"2018-11-06T11:41:24","modified_gmt":"2018-11-06T11:41:24","slug":"hakkimizda","status":"publish","type":"page","link":"http:\/\/www.berenmusavirlik.com\/?page_id=23","title":{"rendered":"HAKKIMIZDA"},"content":{"rendered":"<p style=\"text-align: center;\"><strong>MEHMET ER\u0130\u015e\u0130K<\/strong><\/p>\n<p style=\"text-align: center;\"><strong>MAL\u0130 M\u00dc\u015eAV\u0130R \\ BA\u011eIMSIZ DENET\u00c7\u0130 \\ B\u0130L\u0130RK\u0130\u015e\u0130 \\ MARKA VEK\u0130L\u0130<\/strong><\/p>\n<p>1971 Y\u0131l\u0131nda Mersin\u2019de do\u011fdu.\u00a0 \u0130lkokul, ortaokul ve lise \u00f6\u011frenimini Mersin\u2019de tamamlad\u0131.<\/p>\n<p>\u0130stanbul \u00dcniversitesi Siyasal Bilgiler Fak\u00fcltesi Maliye B\u00f6l\u00fcm\u00fcnden 1995 y\u0131l\u0131nda mezun oldu.<\/p>\n<p>\u0130stanbul 29 May\u0131s \u00dcniversitesi Sosyal Bilimler Enstit\u00fcs\u00fc Ekonomi Anabilim Dal\u0131 Ekonomi Finans B\u00f6l\u00fcm\u00fcnde &#8220;2008 K\u00dcRESEL F\u0130NANSAL KR\u0130Z\u0130 VE K\u00dcRESEL KR\u0130Z SONRASI T\u00dcRK\u0130YE CUMHUR\u0130YET MERKEZ BANKASI (TCMB)\u2019NIN UYGULADI\u011eI MAKRO \u0130HT\u0130YAT\u0130 POL\u0130T\u0130KA ARA\u00c7LARI&#8221; Tezi ile Y\u00fcksek Lisans e\u011fitimini tamamlad\u0131.<\/p>\n<p>1996-2000 y\u0131llar\u0131 aras\u0131nda Muhasebe \u015eefli\u011fi, Muhasebe ve Mali \u0130\u015fler M\u00fcd\u00fcrl\u00fc\u011f\u00fc g\u00f6revlerinde bulundu.<\/p>\n<p>2000 y\u0131l\u0131nda SMMM ruhsat\u0131 alarak, 2001 y\u0131l\u0131 ba\u015f\u0131nda kendi Mali M\u00fc\u015favirlik b\u00fcrosunu kurdu. Halen kendi b\u00fcrosunda mesleki faaliyetlerine devam etmektedir.<\/p>\n<p>2014 y\u0131l\u0131nda Kamu G\u00f6zetimi Muhasebe ve Denetim Standartlar\u0131 Kurumu taraf\u0131ndan a\u00e7\u0131lan s\u0131navlar\u0131 ba\u015far\u0131 ile tamamlayarak Ba\u011f\u0131ms\u0131z Denet\u00e7ilik Belgesini ald\u0131. Kurum taraf\u0131ndan yetkilendirilmi\u015f ba\u011f\u0131ms\u0131z denet\u00e7idir.<\/p>\n<p>Evli ve 2 \u00e7ocuk babas\u0131 olup, \u0130ngilizce bilmektedir.<\/p>\n<p><strong>\u00a0<\/strong><\/p>\n<p>&nbsp;<\/p>\n<p><strong>\u00a0<\/strong><\/p>\n<p>&nbsp;<\/p>\n<p>&nbsp;<\/p>\n<p>&nbsp;<\/p>\n<p>&nbsp;<\/p>\n","protected":false},"excerpt":{"rendered":"<p>MEHMET ER\u0130\u015e\u0130K MAL\u0130 M\u00dc\u015eAV\u0130R \\ BA\u011eIMSIZ DENET\u00c7\u0130 \\ B\u0130L\u0130RK\u0130\u015e\u0130 \\ MARKA VEK\u0130L\u0130 1971 Y\u0131l\u0131nda Mersin\u2019de do\u011fdu.\u00a0 \u0130lkokul, ortaokul ve lise \u00f6\u011frenimini Mersin\u2019de tamamlad\u0131. \u0130stanbul \u00dcniversitesi Siyasal Bilgiler Fak\u00fcltesi Maliye B\u00f6l\u00fcm\u00fcnden 1995 y\u0131l\u0131nda mezun oldu. \u0130stanbul 29 May\u0131s \u00dcniversitesi Sosyal Bilimler Enstit\u00fcs\u00fc Ekonomi Anabilim Dal\u0131 Ekonomi Finans B\u00f6l\u00fcm\u00fcnde &#8220;2008 K\u00dcRESEL F\u0130NANSAL KR\u0130Z\u0130 VE K\u00dcRESEL KR\u0130Z SONRASI [&hellip;]<\/p>\n","protected":false},"author":1,"featured_media":0,"parent":0,"menu_order":0,"comment_status":"closed","ping_status":"closed","template":"","meta":{"footnotes":""},"class_list":["post-23","page","type-page","status-publish","hentry"],"_links":{"self":[{"href":"http:\/\/www.berenmusavirlik.com\/index.php?rest_route=\/wp\/v2\/pages\/23","targetHints":{"allow":["GET"]}}],"collection":[{"href":"http:\/\/www.berenmusavirlik.com\/index.php?rest_route=\/wp\/v2\/pages"}],"about":[{"href":"http:\/\/www.berenmusavirlik.com\/index.php?rest_route=\/wp\/v2\/types\/page"}],"author":[{"embeddable":true,"href":"http:\/\/www.berenmusavirlik.com\/index.php?rest_route=\/wp\/v2\/users\/1"}],"replies":[{"embeddable":true,"href":"http:\/\/www.berenmusavirlik.com\/index.php?rest_route=%2Fwp%2Fv2%2Fcomments&post=23"}],"version-history":[{"count":12,"href":"http:\/\/www.berenmusavirlik.com\/index.php?rest_route=\/wp\/v2\/pages\/23\/revisions"}],"predecessor-version":[{"id":5602,"href":"http:\/\/www.berenmusavirlik.com\/index.php?rest_route=\/wp\/v2\/pages\/23\/revisions\/5602"}],"wp:attachment":[{"href":"http:\/\/www.berenmusavirlik.com\/index.php?rest_route=%2Fwp%2Fv2%2Fmedia&parent=23"}],"curies":[{"name":"wp","href":"https:\/\/api.w.org\/{rel}","templated":true}]}}