{"id":25,"date":"2011-03-05T10:07:28","date_gmt":"2011-03-05T10:07:28","guid":{"rendered":"http:\/\/www.berenmusavirlik.com\/?page_id=25"},"modified":"2011-03-10T10:10:23","modified_gmt":"2011-03-10T10:10:23","slug":"hizmetlerimiz","status":"publish","type":"page","link":"http:\/\/www.berenmusavirlik.com\/?page_id=25","title":{"rendered":"Hizmetlerimiz"},"content":{"rendered":"<p><strong>A-DENET\u0130M H\u0130ZMETLER\u0130<\/strong><br \/>\n\u201cMuhasebe Sisteminde i\u015f ve belge ak\u0131\u015f d\u00fczeninin olu\u015fturulmas\u0131 ve i\u00e7 kontrol sistemlerinin kurulmas\u0131;\u201d<\/p>\n<ul>\n<li>Sekt\u00f6r Analizi,<\/li>\n<li>Hesaplar\u0131n Denetimi,<\/li>\n<li>\u015eirket i\u00e7 muhasebe      sisteminin g\u00f6zden ge\u00e7irilmesi,<\/li>\n<li>Ticari Risklerin      De\u011ferlendirilmesi,<\/li>\n<li>B\u00fct\u00e7e haz\u0131rlama ve g\u00f6zden      ge\u00e7irilmesi konular\u0131nda \u00e7al\u0131\u015fmalarda bulunmak,<\/li>\n<li>K\u00e2rl\u0131l\u0131k ve Verimlilik      Denetimi,<\/li>\n<li>Kredi Verilebilir ve Kredi      Uygulamalar\u0131 Denetimi,<\/li>\n<li>\u00d6zel Ama\u00e7l\u0131 Di\u011fer      Denetimler.<\/li>\n<\/ul>\n<p><strong><br \/>\n<strong>B-MUHASEBE H\u0130ZMETLER\u0130<\/strong><\/strong><br \/>\n\u201cGenel Muhasebe, Maliyet Muhasebesi, D\u0131\u015f Ticaret Muhasebesi ve Y\u00f6netim Muhasebesi;\u201d<\/p>\n<ul>\n<li>T\u00fcm s\u00fcre\u00e7lerin yerine      getirilmesi,<\/li>\n<li>Vergi ve Yasal      Y\u00fck\u00fcml\u00fcl\u00fckler,<\/li>\n<li>Y\u00f6netsel Raporlamalar,<\/li>\n<li>Her t\u00fcrl\u00fc, ihtilafl\u0131 i\u015f ve      i\u015flemlerin \u00e7\u00f6z\u00fcm\u00fc.<\/li>\n<\/ul>\n<p><strong>C-DANI\u015eMANLIK H\u0130ZMETLER\u0130<\/strong><\/p>\n<ul>\n<li>Vergi ve SGK Mevzuat\u0131      de\u011fi\u015fikliklerinin devaml\u0131 \u015fekilde takibi ile de\u011fi\u015fikliklerin sirk\u00fcler      halinde bildirilmesi,<\/li>\n<li>Ayl\u0131k Beyannamelerin      Kontrol\u00fc,<\/li>\n<li>\u015eirket Y\u00f6neticileri ile      gerekti\u011finde mali konularda isti\u015farelerde bulunulmas\u0131,<\/li>\n<li>\u015eirket merkez ve ta\u015fra      te\u015fkilatlar\u0131ndan gelen sorulara gerekli cevaplar\u0131n verilmesi,<\/li>\n<li>Y\u0131ll\u0131k Beyannamelerin      haz\u0131rlanmas\u0131,<\/li>\n<li>Vergi Uyu\u015fmazl\u0131klar\u0131na      ili\u015fkin Dan\u0131\u015fmanl\u0131klar,<\/li>\n<li>Bilirki\u015filik Hizmetleri.<\/li>\n<\/ul>\n<p><strong>D-REV\u0130ZYON H\u0130ZMETLER\u0130<\/strong><\/p>\n<ul>\n<li>Yasa gere\u011fi tutulmas\u0131      gereken defterlerin kay\u0131t usul\u00fc ve tasdik y\u00f6n\u00fcnden t\u00fcm vergi mevzuatlar\u0131      \u00e7er\u00e7evesinde kontrol\u00fcn\u00fcn yap\u0131lmas\u0131,<\/li>\n<li>\u0130\u015fletmeye ait KDV, Muhtasar,      Damga Vergisi, Ge\u00e7ici Vergi Beyannameleri ile SGK Bildirgelerinin d\u00f6nemler      itibariyle tahakkuklar\u0131n\u0131n ve muhasebeye intikallerinin kontrol\u00fc,<\/li>\n<li>Personel Bordrolar\u0131n\u0131n bir      b\u00fct\u00fcn olarak kontrol\u00fc,<\/li>\n<li>\u015eirketin d\u00fczenlemi\u015f oldu\u011fu      faturalar\u0131n uygunluk ve muhasebe kay\u0131tlar\u0131n\u0131n do\u011fruluk a\u00e7\u0131s\u0131ndan kontrol\u00fc,<\/li>\n<li>Gelir ve Gider hesaplar\u0131      ile tahakkuklar\u0131n\u0131n belgelere inilerek kontrol\u00fc,<\/li>\n<li>Kullan\u0131lan hesap plan\u0131n\u0131n      \u2018\u2019Muhasebe Genel Tebli\u011fleri\u2019\u2019ne uygunlu\u011funun kontrol\u00fc.<\/li>\n<\/ul>\n<p><strong>E-MARKA TESC\u0130L\u0130 \u2013 PATENT VE FAYDALI MODEL BA\u015eVURUSU <\/strong><\/p>\n<ul>\n<li>Markan\u0131z\u0131n ger\u00e7ekten size      ait oldu\u011fundan emin misiniz?<\/li>\n<li>T\u00fcm marka ba\u015fvurular\u0131n\u0131z,      \u00f6n ara\u015ft\u0131rmalar\u0131, takibi ve sonu\u00e7land\u0131r\u0131lmas\u0131 i\u00e7in ge\u00e7 kalmay\u0131n.<\/li>\n<li> Patent ve faydal\u0131 model ba\u015fvurular\u0131 uzun      ve zorlu bir s\u00fcreci kapsar.\u00a0 Bu uzun yolda yaln\u0131z de\u011filsiniz.      Tecr\u00fcbeli ve uzman ekibimizle yan\u0131n\u0131zday\u0131z.<\/li>\n<li>Bulu\u015flar\u0131n\u0131z her zaman      patent s\u0131n\u0131f\u0131nda de\u011ferlendirilmeyebilir. Firman\u0131za ait model      uygulamalar\u0131n\u0131, yenilik\u00e7i tasar\u0131mlar\u0131 koruma alt\u0131na alabilirsiniz.<\/li>\n<\/ul>\n","protected":false},"excerpt":{"rendered":"<p>A-DENET\u0130M H\u0130ZMETLER\u0130 \u201cMuhasebe Sisteminde i\u015f ve belge ak\u0131\u015f d\u00fczeninin olu\u015fturulmas\u0131 ve i\u00e7 kontrol sistemlerinin kurulmas\u0131;\u201d Sekt\u00f6r Analizi, Hesaplar\u0131n Denetimi, \u015eirket i\u00e7 muhasebe sisteminin g\u00f6zden ge\u00e7irilmesi, Ticari Risklerin De\u011ferlendirilmesi, B\u00fct\u00e7e haz\u0131rlama ve g\u00f6zden ge\u00e7irilmesi konular\u0131nda \u00e7al\u0131\u015fmalarda bulunmak, K\u00e2rl\u0131l\u0131k ve Verimlilik Denetimi, Kredi Verilebilir ve Kredi Uygulamalar\u0131 Denetimi, \u00d6zel Ama\u00e7l\u0131 Di\u011fer Denetimler. B-MUHASEBE H\u0130ZMETLER\u0130 \u201cGenel Muhasebe, Maliyet [&hellip;]<\/p>\n","protected":false},"author":1,"featured_media":0,"parent":0,"menu_order":0,"comment_status":"closed","ping_status":"closed","template":"","meta":{"footnotes":""},"class_list":["post-25","page","type-page","status-publish","hentry"],"_links":{"self":[{"href":"http:\/\/www.berenmusavirlik.com\/index.php?rest_route=\/wp\/v2\/pages\/25","targetHints":{"allow":["GET"]}}],"collection":[{"href":"http:\/\/www.berenmusavirlik.com\/index.php?rest_route=\/wp\/v2\/pages"}],"about":[{"href":"http:\/\/www.berenmusavirlik.com\/index.php?rest_route=\/wp\/v2\/types\/page"}],"author":[{"embeddable":true,"href":"http:\/\/www.berenmusavirlik.com\/index.php?rest_route=\/wp\/v2\/users\/1"}],"replies":[{"embeddable":true,"href":"http:\/\/www.berenmusavirlik.com\/index.php?rest_route=%2Fwp%2Fv2%2Fcomments&post=25"}],"version-history":[{"count":2,"href":"http:\/\/www.berenmusavirlik.com\/index.php?rest_route=\/wp\/v2\/pages\/25\/revisions"}],"predecessor-version":[{"id":655,"href":"http:\/\/www.berenmusavirlik.com\/index.php?rest_route=\/wp\/v2\/pages\/25\/revisions\/655"}],"wp:attachment":[{"href":"http:\/\/www.berenmusavirlik.com\/index.php?rest_route=%2Fwp%2Fv2%2Fmedia&parent=25"}],"curies":[{"name":"wp","href":"https:\/\/api.w.org\/{rel}","templated":true}]}}